-10). Suppose 0 = -4*c - 3*f - 0*f + 237, u*c + 4*f = 176. List the prime factors of c.
2, 3, 5
Let i(s) = 1057*s**3 - s**2 - 8*s + 23. List the prime factors of i(2).
11, 769
Suppose 2*n + 10756 = 4*b, 41*b - 35*b - 16122 = n. What are the prime factors of b?
2, 17, 79
Suppose -47*m = -2*w - 45*m + 56272, -2*w = m - 56290. What are the prime factors of w?
2, 14071
Let h = -93 - 512. Let b = 865 + h. What are the prime factors of b?
2, 5, 13
What are the prime factors of (-92686)/(-68) - (-76)/(-2584)?
29, 47
Let o(q) = q**3 - q**2 - 3*q - 6. Suppose -6*g + 5*g - 3 = 0. Let u be o(g). What are the prime factors of ((-206)/(-3))/((-22)/u)?
103
Let i be 24/7 + (-256)/(-56) + -5. Suppose -165 - 594 = -i*a. What are the prime factors of a?
11, 23
Let m = 126990 + -74209. Suppose 31*w = m - 11179. List the prime factors of w.
2, 11, 61
Let y(n) = n**3 + 55*n**2 + 85*n - 69. What are the prime factors of y(-51)?
2, 3, 5
Let b(t) = -t**3 + 43*t**2 + 79*t - 41. List the prime factors of b(43).
2, 839
Let x(q) = -q**3 - 8*q**2 - 7*q + 15. Let b be x(-7). Let g = b + -12. Suppose -g*j + 3*r + 390 = 0, -5*j - r = -8 - 624. What are the prime factors of j?
127
Suppose -65 = z - 3*m, -3*m - 235 = z + 4*z. Let x = z - -216. What are the prime factors of x?
2, 83
Let o be (2/2)/(3/57). Suppose -4*n = -18 + 6. Let a = n + o. List the prime factors of a.
2, 11
Let q be (52/(-3))/((-2)/6) + 1. Let o(c) = -q + 32 - 4*c - c + 41. What are the prime factors of o(-7)?
5, 11
Let u(d) = -2460*d - 291. List the prime factors of u(-6).
3, 7, 13, 53
Suppose -2*c + 4 = -p, -4*c + c = -5*p - 41. Let o(k) = -1 + 15*k - 2 + 1 - 1 + 2*k**2 - 2. What are the prime factors of o(p)?
3, 5
Suppose 0 = -5*y - 10, 0 = -5*m - 4*y + 92. Let f = m - 17. List the prime factors of (2 + 108)/(-5 + f + 4).
5, 11
Let n be (-2 - 0)/1 + 3872 + 3. Suppose 3690 = 4*d + 2*v, 0 = 3*d + 5*v + 1095 - n. List the prime factors of d.
3, 307
Let h(l) = -l**2 + 5*l + 76. Let d be h(11). Suppose n - 4*m - 657 = 0, d*n - 11*n + 639 = 5*m. List the prime factors of n.
11, 59
Let b(d) = 56*d**2. Let o be b(-1). Let a = 21827 + -21822. Suppose a*z - z = o. What are the prime factors of z?
2, 7
Let j(k) = 130*k**2 + k. Suppose 10 = -5*a, -2*n = -0*n + a. What are the prime factors of j(n)?
131
Suppose -17*i + 105 = -16295 - 52722. What are the prime factors of i?
2, 19, 107
Let k = 54594 - 15867. What are the prime factors of k?
3, 13, 331
Let j = 16137 + 38327. What are the prime factors of j?
2, 23, 37
Suppose 118*r + 88128 = 130*r. What are the prime factors of r?
2, 3, 17
Let l(x) = -x**2 - 19 + 3*x**2 + 142*x - 284*x + 133*x. Suppose -4*s + 0*s = 24. List the prime factors of l(s).
107
Let h(t) be the second derivative of -425*t**3/6 - 8*t + 1. List the prime factors of h(-1).
5, 17
Let p(t) = -6*t**2 + 0 + 4*t**3 - 3*t**3 + 0*t**2 - 2. Let u be p(6). List the prime factors of ((1 + 5)/6)/(u/(-10)).
5
Let q = 59 - 61. Let o = -8 - q. Let t = o + 45. What are the prime factors of t?
3, 13
Suppose -2*d - d - 5*z = 4, 0 = -5*d - 5*z. Suppose -d*v - 947 = 5*k - 3028, -k = 3. List the prime factors of v.
2, 131
Let d be 1 - (-2)/1 - -75. Let p = -145 + d. Let o = p - -112. What are the prime factors of o?
3, 5
Let t be 10/105 + 122/42. Suppose -t*k + 0*p - 4*p + 14 = 0, -5*k + 2*p + 58 = 0. List the prime factors of (-5)/(k/(-6)) + -3 - -293.
293
Let m(p) = p**2 + 6 - 2*p + 4*p + 6*p - 3*p. Let r be m(0). Suppose r*h - 704 = 478. List the prime factors of h.
197
Let w be 6 + -2 + 0 + (-2 - -2). Suppose -5*z = -20, -w*l + z + 2*z = -660. What are the prime factors of l - (8/12)/(1/3)?
2, 83
Let s(u) = -u - 3. Let x be s(2). Let y(d) = -d**2 - 12*d - 2. Let z(a) = a**2 + 12*a + 3. Let j(f) = x*y(f) - 6*z(f). List the prime factors of j(-10).
2, 3
Let u be (-56)/(-140)*(-1 + 171). Let x = u - -15. Let j = x - 61. What are the prime factors of j?
2, 11
Let v(a) = 674*a**2 - 64*a + 196. List the prime factors of v(3).
2, 5, 607
Let p be (-1 + 11/9)*(24 - 15). Suppose 4*b - p = 2, 3*q - 4019 = b. What are the prime factors of q?
2, 5, 67
Let k(u) = u. Let b(j) = -2*j**2 + 8*j + 13. Let l(x) = -b(x) + 3*k(x). Let a be l(7). Let q = a - 29. What are the prime factors of q?
3, 7
Let z = 55191 - 24287. List the prime factors of z.
2, 3863
Suppose d = 6*d - 5*v - 10, 4*d + 5*v = -10. Suppose 1228 = 5*t - 4*h, 2*t + h + 3*h - 508 = d. List the prime factors of t.
2, 31
Suppose -5*a + 2*w + 15244 = 6*w, 2*a + 2*w - 6096 = 0. What are the prime factors of a?
2, 7, 109
Let m(b) = b**2 - 55*b - 28. Let s be m(41). Let w = s + 1087. What are the prime factors of w?
5, 97
Let z = -44225 + 69030. What are the prime factors of z?
5, 11, 41
List the prime factors of 1304123/(-1311)*-19 + (-4)/(-6).
41, 461
Suppose -299*w = -225*w - 5897282. What are the prime factors of w?
79693
Let m(f) = 14*f**2 + 133*f + 5 - 149*f + 32*f**2 - 13*f**2. What are the prime factors of m(5)?
2, 3, 5
Let w be (-5 - 293 - 0)*1. Let x = 620 + w. What are the prime factors of x?
2, 7, 23
Let v = 296 - 298. Let s(d) = 206*d**2 + 9*d + 13. What are the prime factors of s(v)?
3, 7, 13
Let t(j) = 7108*j + 95. What are the prime factors of t(2)?
11, 1301
Let s = 295375 + -206026. What are the prime factors of s?
3, 13, 29, 79
Let s be -11 + 36/4 + -2. What are the prime factors of s + 2 + 1170 - (11 + -15)?
2, 293
Suppose 4*l = 2*z - 58, 0*z + 4*z + 2*l = 96. Let u = z - 70. Let v = u - -97. What are the prime factors of v?
2, 13
Let t = -5244 - -8244. Suppose 0*y + 10 = 5*y. Suppose -13*c = y*c - t. List the prime factors of c.
2, 5
Suppose -2*w = -3*u + 21, 2*u - 3*w - 29 = -2*u. Suppose u*a - 383 = -k - 2*k, 4*a - 2*k - 324 = 0. List the prime factors of a.
79
Let n = 6576 + 362. List the prime factors of n.
2, 3469
Suppose -35 + 23 = -3*p. Suppose 3*g = -5*c - 6, -2*g + p*g + 4 = c. What are the prime factors of c + (-4)/(-14) + (-3069)/(-63)?
7
Let q(g) = -13*g**3 - 23*g**2 + 69*g + 680. List the prime factors of q(-12).
2, 4751
List the prime factors of 58817049/2847 + 8/(-26).
73, 283
Let w = 346 + -249. Let r = w - 53. What are the prime factors of r?
2, 11
Suppose 2*k - 3*o + 9 = 0, o - 5*o = -3*k - 14. Let t be 3*(10/k - -1). Let s = 33 - t. List the prime factors of s.
5, 7
Let z(c) = 15*c**2 - 49*c + 867. What are the prime factors of z(16)?
3923
Suppose -19*f - 59*f + 533832 = 0. What are the prime factors of f?
2, 29, 59
Let d be ((-3)/12*-6)/(6/7352). Let u = d + -1278. Suppose -3*j - 3 = 0, 7*a + 4*j + u = 9*a. What are the prime factors of a?
2, 139
Suppose -12*u + 75127 = -33197. What are the prime factors of u?
3, 17, 59
Let b(t) = 6*t - 19. Let q be b(5). Let v = q - 25. Let u(p) = p**3 + 15*p**2 + 5*p - 3. What are the prime factors of u(v)?
3, 41
Suppose 5*i + 2*y - 20149 = 0, -3*i + 9*y + 12081 = 6*y. List the prime factors of i.
3, 17, 79
Let k(i) = 3*i**2 - 36*i + 129. Let p be k(15). Suppose -912 = p*m - 270*m. List the prime factors of m.
2, 19
Suppose -5*o - 4450 = -2*c + 3788, -c - 4*o + 4106 = 0. What are the prime factors of c?
2, 11, 17
Suppose 10*x - 53141 = -2*x + x. List the prime factors of x.
4831
Suppose -3*p + 2*w = -19410, -w + 1 = 4. List the prime factors of p.
2, 3, 7, 11
Let u = -101 - -112. Let s(g) = 2*g**3 - 21*g**2 + 20*g + 13. Let t be s(u). Suppose -13*w + t = -7*w. List the prime factors of w.
59
Let w = -2503 + 2841. What are the prime factors of w?
2, 13
Let w be (-24)/30*(-10)/4. Let t(z) = 7 - 6*z**2 + 10*z - 9*z + 2*z - w*z**3. List the prime factors of t(-5).
2, 23
Let n = -275 + 1135. Suppose -35*u + 39*u - n = 0. What are the prime factors of u?
5, 43
Let c(j) = -9*j**3 + 4*j**2 - 4*j - 28. Let l be c(-8). Suppose 5*b - 935 - 299 = -u, 3*b - l = -4*u. List the prime factors of u.
2, 607
Suppose 13*z = -2*n + 14*z - 1, 0 = -3*n + 3*z - 3. Suppose n = r - 2*d - 253, -5*r + 8*d = 7*d - 1310. List the prime factors of r.
263
Let y(n) be the third derivative of 0 + 0*n + 35/3*n**3 - 1/8*n**4 - 26*n**2 + 1/60*n**5. What are the prime factors of y(0)?
2, 5, 7
Let a = 489 + 334. Let c = a - 97. List the prime factors of c.
2, 3, 11
Let l(i) = 20*i**2 - 66*i + 4. Let c be l(9). What are the prime factors of 0 - 6/((-12)/c)?
5, 103
Let t = 545 - 372. Let i = t - -117. What are the prime factors of i?
2